25*z + 1539. Let b = z + -54. Give u(b).
2
Let s = 12 + -5. Let c(i) = -61 - 5*i - 29 + 89 + 4*i. Determine c(s).
-8
Let u = 17 - 10. Let s(m) = m**3 - 7*m**2 + 10*m + 5. Let o be s(5). Let r(j) = o*j - 2*j - 4*j. What is r(u)?
-7
Let d(o) = o**3 + 13399*o + 8 + 13392*o - 26792*o. Calculate d(0).
8
Let q = 536 + -483. Suppose q*j + 117 = 11. Let l(i) = 3*i**2 - 1 - i**2 + 4*i + 4 - i**3. Determine l(j).
11
Let s be -2 - (1/(-2)*4 + -8). Suppose 5*x + s = x. Let j be (-2)/x*(1/1 + -4). Let o(h) = h**3 + 2*h**2 - 5*h - 3. Calculate o(j).
3
Let k(b) = 31 + 5*b - 63 - 18. Calculate k(0).
-50
Let z(i) = -3*i + 55. Let w be (-4)/(-18) + (16 - (7 + 244/(-36))). Determine z(w).
7
Let a = -230 + 232. Suppose -27 = -a*b - 11. Let j(d) = d**3 - 9*d**2 + 7*d + 10. Calculate j(b).
2
Let i(r) = r**3 - 6*r**2 - 15*r - 6. Let g be i(8). Let s(x) = -x**3 - 6*x**g + 1019*x - 1021*x - 6 - 1. Determine s(-5).
-22
Suppose 1 = 33*l - 32*l. Let j(h) = -16*h + 6*h + l + 0*h + 12*h. Let g(x) = -3*x**3 - x. Let w be g(-1). Calculate j(w).
9
Let p(m) be the first derivative of -43 + 7*m - 1/2*m**2. Let c = 15 + -10. Calculate p(c).
2
Let c(s) be the second derivative of s**6/360 - s**5/15 + s**4/8 + 205*s**3/6 + 3*s + 3. Let k(i) be the second derivative of c(i). Give k(10).
23
Let p(g) = g**3 - 8*g**2 + 10*g + 3. Let x be (-176)/(-56) - ((-60)/(-28) - 2). What is p(x)?
-12
Let m(r) = r**2 - 5*r - 41. Let u be m(-5). Let p(n) = 3*n**2 + 2*n + 3*n**2 - 3 - u*n**2 + 4*n**2. Determine p(3).
12
Let j(o) = 13 - 1167*o - 23 + 1168*o. Determine j(-5).
-15
Let u(i) = 16*i**2 + 125*i + 614. Let w(h) = 25*h**2 + 188*h + 924. Let x(a) = 11*u(a) - 7*w(a). Determine x(-54).
16
Let v(d) be the third derivative of d**5/60 - d**4/8 - d**3/2 - 18*d**2 + 3*d. What is v(4)?
1
Let x = -186 - -206. Let t(g) = -4*g + 73. Determine t(x).
-7
Let g be -4 + 0 + (-208)/(-32)*24/78. Let t(b) = b**2 - 82*b - 166. Determine t(g).
2
Let r(p) = 89 + 60 + 34 + 65*p - 20 + 91. Calculate r(-4).
-6
Let h(m) = m**3 - 35*m**2 - 112*m - 84. Let r = 20536 - 20498. Determine h(r).
-8
Let i(q) = -4*q + 2. Let l(u) = -16*u + 13. Let m(p) = 4*p - 3. Let n(c) = 2*l(c) + 9*m(c). Let x(h) = -4*i(h) - 3*n(h). Let f = 221 + -215. What is x(f)?
19
Let a(z) = -z - 10. Let h be (-9)/((-9)/2) + -11. Let c be a(h). Let b(s) = 1 + s**2 + 7*s**2 - 7*s**2 + 5*s**2. Calculate b(c).
7
Let l = 62 + -65. Let i be 4 - (l/(-2))/(39/130). Let f(w) = -5 + 15*w + 5. Determine f(i).
-15
Let n(a) be the third derivative of 1/12*a**4 - 1/3*a**3 - 174*a**2 + 1/10*a**5 + 0*a + 0. Give n(1).
6
Let p(k) be the first derivative of 6*k + 1/4*k**4 - 5*k**2 - 7/3*k**3 - 7. Calculate p(8).
-10
Let h(k) = k**3 - 11*k**2 + 5. Suppose -4*i - 52 = -3*p + 51, 10 = 5*i. Let f = p + -26. Let o be h(f). Let d(r) = r - 6. Give d(o).
-1
Let t(v) = 3*v + 5. Let u = 197 + -182. Suppose -w + 4*x + u = 0, 14*w - 10*w = -3*x - 35. Calculate t(w).
-10
Let h(g) = g**2 - 4*g + 4. Let f be 2/(-4 - 0)*-4. Let p(x) = x + 1. Let a be p(f). Calculate h(a).
1
Let g be -20 + (12 - -6) - 34. Let z(h) = h**3 + 41*h**2 + 181*h + 35. Give z(g).
-1
Suppose 4*q - 6*k = -40, -4*k - 36 = -3*q - 65. Let z(m) = -9*m**2 - 67*m - 24. Determine z(q).
4
Let x(c) = c**3 - 5*c**2 - 4*c + 1. Let z(y) = y**3 - 27*y**2 - 29*y + 35. Let n be z(28). Suppose -n*k + 5 = -30. Give x(k).
-19
Suppose 4*d - j = 10, 0 = -3*d - 2*d - 4*j + 2. Suppose -2*h + d = -2*i, 6*h + 5*i = 10*h. Let t(m) = -m**2 + 3*m + 1 - 3 + 0. Calculate t(h).
-12
Let m(b) = -5*b - 61. Let q(y) = 3*y + 55. Let i(j) = 3*m(j) + 4*q(j). Calculate i(11).
4
Let p(v) = v**2 - 7*v + 5. Let b = 76 - 64. Let r be 32/b*9/6. Suppose -z = 3*d - 2*z - 14, 4*z - r = 2*d. Determine p(d).
-1
Suppose -2*l = -3*k - 1711, -1715 = -4*l + 2*l - k. Let s(n) = 3*n + 862 - l - 2*n. Determine s(-4).
1
Let n(x) be the third derivative of -x**6/120 + x**5/12 - x**4/8 + 13*x**3/6 + x**2 + 799. Give n(6).
-41
Let d(f) = -f**3 - 4*f + 4. Let c = 4374 + -4372. Calculate d(c).
-12
Let f(h) = -h**3 - 7*h**2 - 2*h - 12. Let j be 615/1640 - (86/16 + 2). Calculate f(j).
2
Let o(v) be the second derivative of v**6/120 + 3*v**5/20 + 5*v**4/12 + v**3 + 58*v**2 + 142*v. Let n(p) be the first derivative of o(p). Give n(-8).
-10
Let k(r) = -2371 + 10*r - 2*r - 4*r + 2337. Calculate k(17).
34
Let d(k) = -9*k**2 + 1. Let z(p) = 29*p**3 + 2*p**2 + p - 2. Let m be z(1). Let h be 108/m*5/2. Let l be 2/h + 14/18. Give d(l).
-8
Suppose -3*w = -4*y + 27, -6*y + 10*y = -3*w - 3. Let m(n) = n + n**y - n**2 + 85 - 82 + 0*n. Calculate m(0).
3
Suppose -2*u + 6*u = -u. Suppose -3*x + 4*x + 4 = u. Let q(r) = -r**2 - 4. Determine q(x).
-20
Suppose 75 = 4*n + 5*b, 5*b = 4*n - 54 - 71. Let j(h) = 39 - n + 6*h - 16. Let z be 1/(((-6)/4)/(-3)). Give j(z).
10
Let o(g) = 3*g**3 + 7*g**2 - 9. Let p(h) = -14*h**3 - 32*h**2 + h + 37. Let q(t) = -9*o(t) - 2*p(t). Calculate q(-3).
-5
Let t(i) = -11*i + 44. Let k(b) = -6*b + 25. Let l = 497 + -490. Let p(y) = l*k(y) - 4*t(y). Calculate p(4).
7
Let i(q) = -1214*q**3 - 33 - 6*q**2 + 604*q**3 + 21*q - 15*q**2 + 611*q**3. Give i(20).
-13
Suppose r + r - 52 = 0. Let h(s) = -s**2 + 14*s - 3. Let i be h(11). Let u = r - i. Let l(b) = b + 4. What is l(u)?
0
Suppose 0 = 7*f - 3*f + 1248. Let c be 2 + (6 - 2) + f/(-3). Let q = c + -110. Let w(g) = -g + 5. Give w(q).
5
Let h = -5948 + 5939. Let a(g) = g**3 + 9*g**2 - 3*g + 5. What is a(h)?
32
Let w(u) = -u**2 - u + 8. Suppose 0 = 6*a + 974 - 1010. Give w(a).
-34
Suppose 6*r = 19 + 17. Suppose r = -4*o + 18. Let v(n) = n**2 - 2*n**2 - 24*n**o + 23*n**3 - 4 + n. Calculate v(0).
-4
Let f(x) be the third derivative of 1/6*x**3 - 1/10*x**5 + x**2 + 0*x - 1/120*x**6 + 0 - 1/6*x**4. Suppose -3*b + 2*h = 21, -25 = 2*b + h - 6*h. What is f(b)?
-4
Let x be (-3 - 515/(-175)) + (-1371)/(-105). Let u(a) = -a**2 + 10*a + 14. Determine u(x).
-25
Suppose -12*u = 19*u + 496. Let j(a) = -a**2 - 12*a + 56. Let h be j(u). Let y(g) = g**3 + 7*g**2 - 9*g + 2. Calculate y(h).
10
Let b(m) = -15*m**2 + 56*m - 20*m - 9*m**2 + 2*m**3 - 3*m**3 - 13*m**2 - 62. Give b(-38).
14
Let n(r) = -2*r + 10 - 2*r + 2*r + 6*r. Let u(a) = a**3 - 8*a**2 - 15*a - 54. Let j be u(10). Give n(j).
-6
Suppose 0 = 2*r - 2*m - 119 + 143, 0 = -5*m + 40. Let l(z) = -15*z - 9. What is l(r)?
51
Suppose 6*u + 42 = 9*u + p, u = -2*p + 24. Let s(d) = -d**3 + 12*d**2 + 3*d - 26. Determine s(u).
10
Let q(u) = -u**3 + 6*u**2 - 2*u + 7. Let p be q(6). Let f be (-6)/(-15) - 23/p. Let b(d) = 9 + 1 - 5 + 3*d + 0 - 2*d**2 + d**2. Give b(f).
-5
Let s be (-2 - (-98)/4)*(-66)/(-99). Suppose 0 = -3*n + s - 6. Let v(f) = -f**2 + f - 1. What is v(n)?
-7
Let z(k) = 26*k - 5. Let c(s) = -21*s. Let m(v) = 5*c(v) + 4*z(v). Determine m(0).
-20
Let i(j) = 2*j + 15*j - 27*j + 11*j - 7. Let l be 2/(-9) + (-188)/(-36). Suppose -l*n + 23 = -7. Determine i(n).
-1
Let t be 42 + 48/(7 + -1). Suppose 5*r = 5*w + t, -2*w - 11 = -r + 8. Let h(d) = d**2 - 1 + 5 - 1 + 10*d. Calculate h(w).
-6
Let c(g) = g**3 - 11*g**2 + 13*g + 7. Let j = -1225 + 2110. Let o = j - 875. Calculate c(o).
37
Let n(o) = o**2 - 4*o - 7. Suppose 0 = -11*q - 44. Let t be (2/q*-6)/(6/36). Suppose -t = -4*f + 2. Calculate n(f).
-2
Suppose 5*k + 10 - 35 = 0, -2*x + 7 = 3*k. Let y(z) = 16*z**2 + 9*z - 2. Let n(m) = 8*m**2 + 4*m - 1. Let j(b) = x*y(b) + 9*n(b). Determine j(-1).
7
Let m(s) = 2*s**2 - 42*s + 182. Let z be m(15). Let v(c) be the first derivative of -4*c + 1/2*c**2 + z. Calculate v(3).
-1
Suppose 2*z - s = -7, 2*z + s + 9 = -0*s. Let v be 8/(-16) + (-22)/z. Let b(r) = -r**2 - 7*r + 6 - 3 + 3*r**2. What is b(v)?
18
Let v = 139 - 109. Suppose -4*y - 26 = -5*y. Let g(z) = -6 + y*z - 58*z + v*z. Give g(-4).
2
Let u be (-4)/(-5)*(-5)/(-2). Let m(h) = -2*h**2 + 5*h**u + 15*h - 17 - 2*h**2 - 4*h. Give m(-12).
-5
Let z(a) = -a + 6. Let q = 294 - 294. Suppose q = n - 96 + 87. What is z(n)?
-3
Let s(a) be the first derivative of -5*a**4/4 - 7*a**3/3 + 6*a - 8560. What is s(1)?
-6
Let n(y) = 15*y - 1814 + 3497 - 1746. Determine n(4).
-3
Let z(p) = 90*p**3 + 36*p**2 - 59*p + 11. Let w(y) = 19*y**3 + 7*y**2 - 12*y + 3. Let u(q) = 19*w(q) - 4*z(q). Calculate u(10).
-7
Let z = 494 - 494. Let y(i) be the second derivative of i**5/20 - i**4/12 - 13*i**2/2 - 7*i. Give y(z).
-13
Suppose 5*j = 3*d + 11721, -45*d + 2347 = j 